 + 2716 - 10005, 4*m + 4*g - 29108 = 0. What are the prime factors of m?
7283
Let x(q) = -847*q - 383. What are the prime factors of x(-6)?
37, 127
Suppose -2*b + 89572 = 4*l, -14*l + 13*l - 2*b + 22396 = 0. List the prime factors of l.
2, 3, 311
Let i = 82 + -80. Suppose -r + 4*t + 0 - 5 = 0, -i*r + 10 = 2*t. Suppose -2*u = 3*u - 2*l - 679, -r*u - 2*l = -401. What are the prime factors of u?
3, 5
Suppose -4*d = -t + 11532, 31*t - 28*t + 4*d = 34708. List the prime factors of t.
2, 5, 17
Let y = -5952 + 10494. What are the prime factors of y?
2, 3, 757
Let u = -23 - -66. Suppose 3*x = 4*n + 41 + 15, 4*x = -n + u. Suppose x*i + 227 = 1439. List the prime factors of i.
101
Suppose 0 = 2*w + 4*o - 202, o + 97 = w - o. Let p = 200 - w. What are the prime factors of p?
101
Let k = -27 - -36. Suppose -338 - 211 = -k*o. List the prime factors of o.
61
Let a(l) = 2*l**2 - 16*l + 26. Let k be a(6). Suppose -51 = -k*n + 173. What are the prime factors of n?
2, 7
Suppose -5*y + 7 = -2*c, -40*y + 5*c = -42*y + 26. Suppose v + 228 = y*r, -2 = 5*v - 17. List the prime factors of r.
7, 11
Suppose 170*v - 348312 = 32*v. What are the prime factors of v?
2, 631
Let s = 57 - 44. Suppose s = -4*v - 3. Let n = v + 117. What are the prime factors of n?
113
Suppose -3*f = -3, -3*b + 2*b = 4*f + 4. What are the prime factors of b/3*(9 + (-1371)/4)?
2, 5, 89
Suppose s - 5*c - 17854 + 13 = 0, 2*c - 17890 = -s. What are the prime factors of s?
2, 41, 109
Let f = 9102 - -566. What are the prime factors of f?
2, 2417
Let m be 9 - (-1 + 3)/(2 + -1). Suppose -a = -4*j - 67, -3*a + m*a - 196 = -2*j. What are the prime factors of (1 - (-1 - -2)) + (a - -52)?
103
Let c = 247 + -227. What are the prime factors of 152/c*10/(-8)*-42?
3, 7, 19
Suppose -m + 3*m - 2*q - 17984 = 0, 0 = -4*m - 4*q + 35968. List the prime factors of m.
2, 281
Suppose 5*a - 3*m = 42864, -2*a + 17182 = -6*m + 10*m. List the prime factors of a.
3, 953
Let s(o) be the third derivative of o**4/12 - o**3/3 + 11*o**2. Let z be s(-2). What are the prime factors of ((-3)/(-9))/(z/(-324))?
2, 3
Let w = -7 + 12. Let g(p) = -p. Let o(v) = 23*v + 1. Let n(t) = 5*g(t) + o(t). What are the prime factors of n(w)?
7, 13
Let h(s) = -s**2 + 6*s + 29. Let g be h(9). List the prime factors of (-1326)/(1 + -7) + g.
223
Let n be (-1)/(-3 - 0 - (-145)/50). Suppose 0 = q + q - n. Suppose -20 = 5*z, q*b - 4*b + 5*z = 38. What are the prime factors of b?
2, 29
What are the prime factors of (-2 - 73)/(((-310)/(-3050))/(-31))?
3, 5, 61
Suppose 0 = 5*r + 3*l - 124558, 3*r - l - 87754 + 13036 = 0. List the prime factors of r.
2, 13, 479
Let y(n) be the third derivative of n**5/30 + 37*n**4/24 - n**3/2 - 3*n**2 + 40*n. List the prime factors of y(-23).
2, 3, 17
Let i(y) = 15*y**3 - 37*y**2 + 213*y - 13. What are the prime factors of i(7)?
2, 5, 13, 37
Let j(p) = -92*p**2 + 12*p + 6 + 52*p**2 + 39*p**2. Suppose 2*w = -5*u + 9, 5*w + 2*u - 57 = u. List the prime factors of j(w).
2, 3
Let w = -732 + 1273. Suppose -w + 189 = -4*k. Suppose 0 = 3*x + 2*o - 173, -o + 27 = 2*x - k. List the prime factors of x.
3, 19
Suppose -i = 5*a - 9*a - 7, -24 = 3*a + 3*i. What are the prime factors of 32/(-336) + a/((-126)/5380)?
2
Let z = -10389 + 19208. List the prime factors of z.
8819
Let s(h) = -15133*h**3 + 175*h**2 + 174*h - 2. What are the prime factors of s(-1)?
2, 3, 13, 97
Let c(a) = 4*a**2 - 161. Let r be c(-12). Let s = -248 + r. List the prime factors of s.
167
Let a be ((-3)/(-6))/((-3)/(-504)). Let b = a - 122. Let c = 227 + b. What are the prime factors of c?
3, 7
Let b = 1546 + -1547. Let m(g) = -3 + 32*g**2 + 8 + 6*g + 29*g**2. What are the prime factors of m(b)?
2, 3, 5
Let m(h) = 10*h - 1. Let x be m(0). What are the prime factors of (5496/(-6))/(4/x)?
229
Suppose 0*c - 2*c + 14 = 0. Let x(a) = -c*a + 14 - a**2 - 6 - 8*a + 11. What are the prime factors of x(-15)?
19
Let g(c) = 3*c + 53. Let i be g(-11). What are the prime factors of (i - 23)*596/(-6)?
2, 149
Suppose 7*t + 3 = 10. Let y be (-14 + 13)/(t/(-16)). Suppose -156 = y*h - 18*h. List the prime factors of h.
2, 3, 13
Let a(i) = i + 20. Let p(y) = y. Let k(f) = 3*a(f) + 6*p(f). What are the prime factors of k(3)?
3, 29
Suppose 8*w + 1403 = -1629. Let v = 696 + w. List the prime factors of v.
317
Let r be 2/(4 - 10)*-9. Suppose -2*b + 3*t = -3*b - 5, -2*b + r*t = -35. Suppose -2*j - 2*m = -90, 2*m + b = 2. List the prime factors of j.
7
List the prime factors of (978/7)/((-1)/(-57 + 1)).
2, 3, 163
Let y(f) = f**2 - 8*f + 3. Let t be y(7). What are the prime factors of (-1015)/t - 18/(-72)?
2, 127
Suppose 2*v + 78430 = 4*g, 19*g = 21*g - 3*v - 39201. List the prime factors of g.
3, 2179
Let n(z) = 5965*z + 346. What are the prime factors of n(4)?
2, 7, 13, 19
Suppose b + 2785 - 56353 = -5*o, b - 53575 = -4*o. List the prime factors of b.
11, 443
Let t = -57 - -81. List the prime factors of t/132 - (-4904)/11.
2, 223
Let g(a) = 5*a + 32. Let f be g(0). Suppose 9*h - 283 = f. What are the prime factors of -4*(-801)/42 - 10/h?
2, 19
Suppose 22 - 32 = -q. Let j(f) = 148*f + 2. List the prime factors of j(q).
2, 3, 13, 19
Suppose 161*w - 164*w + 4*t + 42453 = 0, 0 = -w + 3*t + 14156. List the prime factors of w.
7, 43, 47
Let z be (-7932)/9 - 75/45. Let w = -224 - z. List the prime factors of w.
659
Suppose -a = -4*q - 21983, 0 = -5*a + 3*q + 93547 + 16300. What are the prime factors of a?
11, 1997
Suppose 0 = -h, 12*s - 39429 = 9*s + 4*h. What are the prime factors of s?
3, 13, 337
Let c be 4*92 - ((-3)/3 - -5). Suppose 5*o - 2*x = 938, c = o + o + 2*x. List the prime factors of o.
2, 3, 31
Let f(k) = -1923*k + 1808. What are the prime factors of f(-19)?
5, 7669
Let u(r) = 2*r**2 - 11*r - 5. Suppose -2*g + 0 + 1 = 5*o, 3*g = -3*o + 24. Let a be u(g). Let b = -70 + a. What are the prime factors of b?
2, 3, 5
Let x = 12994 + -7773. List the prime factors of x.
23, 227
Suppose -2*n = -3*u + 90575, -150993 = -5*u - 55*n + 54*n. What are the prime factors of u?
30197
Let f = 231 - 362. Let g = f + 572. What are the prime factors of g?
3, 7
Let b(x) = -2*x**2 + 10*x + 13. Let u(k) = -5*k - 4. Let z be u(-2). Let p be b(z). List the prime factors of -2 + -2 + p + 54.
3, 17
Let b(c) = -906*c**3 + 8*c**2 + 22*c + 55. What are the prime factors of b(-4)?
7, 8297
Let q = 68 + -65. Suppose q*s - 1139 = -4*f - 122, 5*s - 2*f - 1669 = 0. Suppose 3*x - 37 - s = 0. What are the prime factors of x?
2, 31
Suppose 7*f - 10 = 2*f. Suppose 102 = -f*v + 380. List the prime factors of v.
139
Suppose -62*y - 312044 = -10*t - 58*y, y + 1 = 0. What are the prime factors of t?
2, 29, 269
Let w(o) = 2*o**3 + 16*o**2 - 28*o + 13. Let f be w(-8). Let t = 567 - f. List the prime factors of t.
2, 3, 5, 11
List the prime factors of 1476/(-42)*210/(-20).
3, 41
List the prime factors of (39 + 150806)*2/10.
30169
Let t = -446 + 440. List the prime factors of 12/t + -2 + 1*209.
5, 41
Let o(v) = v + 10. Let i be o(12). Suppose -5*r + i - 7 = 0. What are the prime factors of 2*2 + r + -2?
5
Let n = 123865 - 68276. List the prime factors of n.
55589
Suppose 3*m + 2*t = 49798, -1864*m + 4*t + 83004 = -1859*m. List the prime factors of m.
2, 5, 83
Let y(a) = 62*a**3 + 2*a**2 + 63*a - 248. List the prime factors of y(4).
2, 7, 11, 13
Let s be -26*((-13)/2 + 6). Suppose 4*g = 4*l - 792, s = -2*g + 5. List the prime factors of l.
2, 97
What are the prime factors of (31/((-1209)/(-1378)))/((-3)/(-360))?
2, 5, 53
Suppose -g + 10 = -4*j + 7*j, 5 = 5*j + 4*g. List the prime factors of ((-15)/j)/((-11)/6347).
3, 577
Let i = -168 - -162. What are the prime factors of 4/i*6 + 54/1?
2, 5
Let r = 43 + -37. Suppose -r*m = -0*m + 2*m. Suppose -242 = -2*k + q, q + 486 = 4*k - m*q. List the prime factors of k.
2, 61
Suppose 0 = -o - 82 + 642. Suppose -o - 1608 = -8*n. What are the prime factors of n?
271
Let m(a) = -10*a - 38. Let o be m(-4). Suppose 20 = b - 5*q - 141, o*b - q - 313 = 0. Suppose -b = -w + 36. List the prime factors of w.
2, 3
Let n(m) = 24*m**2 - 52*m + 157. Let r(k) = -8*k**2 + 17*k - 53. Let t(d) = -2*n(d) - 7*r(d). What are the prime factors of t(8)?
449
Let s(p) = 7*p - 4*p**2 + 14 - p**2 + 4*p**2. Let m be s(-21). List the prime factors of m/(-6) + 1/3.
2, 3
Suppose 0 = 4*u - 2*a, 2*u - 6 = a - 3*a. Let z be (-